{"id":3115,"date":"2023-11-21T10:15:01","date_gmt":"2023-11-21T10:15:01","guid":{"rendered":"https:\/\/iismas.org\/sito\/?page_id=3115"},"modified":"2023-11-21T10:27:54","modified_gmt":"2023-11-21T10:27:54","slug":"medicina","status":"publish","type":"page","link":"https:\/\/iismas.org\/sito\/medicina\/","title":{"rendered":"MEDICINA A 360\u00b0: APPROPRIATEZZA, INTERDISCIPLINARIET\u00c0, ACCESSIBILIT\u00c0"},"content":{"rendered":"<p><img decoding=\"async\" loading=\"lazy\" class=\"alignnone wp-image-3117\" src=\"https:\/\/iismas.org\/sito\/wp-content\/uploads\/2023\/11\/medicina-a-360\u00b0-1-300x300.png\" alt=\"\" width=\"364\" height=\"364\" srcset=\"https:\/\/iismas.org\/sito\/wp-content\/uploads\/2023\/11\/medicina-a-360\u00b0-1-300x300.png 300w, https:\/\/iismas.org\/sito\/wp-content\/uploads\/2023\/11\/medicina-a-360\u00b0-1-1024x1024.png 1024w, https:\/\/iismas.org\/sito\/wp-content\/uploads\/2023\/11\/medicina-a-360\u00b0-1-150x150.png 150w, https:\/\/iismas.org\/sito\/wp-content\/uploads\/2023\/11\/medicina-a-360\u00b0-1-768x768.png 768w, https:\/\/iismas.org\/sito\/wp-content\/uploads\/2023\/11\/medicina-a-360\u00b0-1-980x980.png 980w, https:\/\/iismas.org\/sito\/wp-content\/uploads\/2023\/11\/medicina-a-360\u00b0-1-480x480.png 480w, https:\/\/iismas.org\/sito\/wp-content\/uploads\/2023\/11\/medicina-a-360\u00b0-1.png 1080w\" sizes=\"(max-width: 364px) 100vw, 364px\" \/><\/p>\n<h3><a href=\"https:\/\/www.dreamcom.it\/prodotto\/medicina-a-360-appropriatezza-interdisciplinarieta-accessibilita\/\">CLICCA QUI PER ISCRIVERTI<\/a><\/h3>\n<p>Accreditato per:<\/p>\n<ul>\n<li>Tutte le professioni sanitarie<\/li>\n<\/ul>\n<p><a href=\"https:\/\/www.dreamcom.it\/wp-content\/uploads\/2023\/02\/logo-fondazione.webp\"><img decoding=\"async\" loading=\"lazy\" class=\"alignnone wp-image-100374\" src=\"https:\/\/www.dreamcom.it\/wp-content\/uploads\/2023\/02\/logo-fondazione.webp\" alt=\"logo fondazione artemisia\" width=\"196\" height=\"85\" \/><\/a><\/p>\n<p><a href=\"https:\/\/www.dreamcom.it\/wp-content\/uploads\/2023\/03\/logo-sapienza-new.jpg\"><img decoding=\"async\" loading=\"lazy\" class=\"alignnone wp-image-85738\" src=\"https:\/\/www.dreamcom.it\/wp-content\/uploads\/2023\/03\/logo-sapienza-new-300x107.jpg\" sizes=\"(max-width: 185px) 100vw, 185px\" srcset=\"https:\/\/www.dreamcom.it\/wp-content\/uploads\/2023\/03\/logo-sapienza-new-300x107.jpg 300w, https:\/\/www.dreamcom.it\/wp-content\/uploads\/2023\/03\/logo-sapienza-new-1024x366.jpg 1024w, https:\/\/www.dreamcom.it\/wp-content\/uploads\/2023\/03\/logo-sapienza-new-768x275.jpg 768w, https:\/\/www.dreamcom.it\/wp-content\/uploads\/2023\/03\/logo-sapienza-new-1536x549.jpg 1536w, https:\/\/www.dreamcom.it\/wp-content\/uploads\/2023\/03\/logo-sapienza-new-2048x732.jpg 2048w, https:\/\/www.dreamcom.it\/wp-content\/uploads\/2023\/03\/logo-sapienza-new-600x215.jpg 600w\" alt=\"\" width=\"185\" height=\"66\" \/><\/a><\/p>\n<p>Con il riconoscimento scientifico di<\/p>\n<p><a href=\"https:\/\/www.dreamcom.it\/wp-content\/uploads\/2023\/06\/Logo-iismas-500-%C3%97-300-px.png\"><img decoding=\"async\" loading=\"lazy\" class=\"alignnone wp-image-95621\" src=\"https:\/\/www.dreamcom.it\/wp-content\/uploads\/2023\/06\/Logo-iismas-500-%C3%97-300-px-300x180.png\" sizes=\"(max-width: 233px) 100vw, 233px\" srcset=\"https:\/\/www.dreamcom.it\/wp-content\/uploads\/2023\/06\/Logo-iismas-500-\u00d7-300-px-300x180.png 300w, https:\/\/www.dreamcom.it\/wp-content\/uploads\/2023\/06\/Logo-iismas-500-\u00d7-300-px.png 500w\" alt=\"logo IISMAS\" width=\"233\" height=\"140\" \/><\/a><\/p>\n<p>In collaborazione con:<\/p>\n<p><a href=\"https:\/\/www.dreamcom.it\/wp-content\/uploads\/2023\/10\/Immagine1.jpg\"><img decoding=\"async\" loading=\"lazy\" class=\"alignnone wp-image-107909\" src=\"https:\/\/www.dreamcom.it\/wp-content\/uploads\/2023\/10\/Immagine1-300x124.jpg\" sizes=\"(max-width: 240px) 100vw, 240px\" srcset=\"https:\/\/www.dreamcom.it\/wp-content\/uploads\/2023\/10\/Immagine1-300x124.jpg 300w, https:\/\/www.dreamcom.it\/wp-content\/uploads\/2023\/10\/Immagine1.jpg 384w\" alt=\"rotary\" width=\"240\" height=\"99\" \/><\/a><\/p>\n<h3><b>RAZIONALE SCIENTIFICO<\/b><\/h3>\n<p>Il Primo Dicembre di ogni anno si celebra la Giornata Mondiale contro l\u2019AIDS. L\u2019idea di una Giornata mondiale contro l\u2019AIDS ha avuto origine al Summit mondiale dei Ministri della Sanit\u00e0 sui programmi per la prevenzione dell\u2019AIDS del 1988 ed \u00e8 stata in seguito adottata da governi, organizzazioni internazionali ed associazioni di tutto il mondo. Dal 1981 l\u2019AIDS ha ucciso oltre 25 milioni di persone, diventando una delle epidemie pi\u00f9 distruttive che la storia ricordi. La Giornata mondiale contro l\u2019AIDS \u00e8 un\u2019opportunit\u00e0 fondamentale per sensibilizzare sui rischi delle epidemie, commemorare coloro che hanno perso la vita e riflettere sull\u2019importanza di quanto scoperto ed imparato dalle esperienze pregresse: come dimostrato anche dalla pandemia da Covid-19, l\u2019analisi accurata delle epidemie del passato fornisce indicazioni<br \/>\ncruciali per mettere in atto, in modo saggio ed equilibrato, diligente e sinergico, misure di prevenzione e controllo appropriate per affrontare le sfide del presente e del futuro e per tornare a tutelare la salute a 360\u00b0.<\/p>\n<p>Da oltre un decennio, invece, purtroppo, viviamo uno stato di crisi globale in continuo, drammatico aggravamento. Essenzialmente, la causa profonda \u00e8 da individuarsi in un diffuso atteggiamento di indifferenza nei confronti del Bene e della Sicurezza dell\u2019Uomo e del Pianeta, sottovalutando l\u2019importanza che, invece, questi fattori assumono sul mantenimento dello stato di Salute dell\u2019individuo e della collettivit\u00e0. Nel \u201cGlossario del Ministero della Salute\u201d \u00e8 identificabile una significativa definizione di \u201cSicurezza dei Pazienti\u201d: \u201cDimensione della qualit\u00e0 dell\u2019assistenza sanitaria, che garantisce, attraverso l\u2019identificazione, l\u2019analisi e la gestione dei rischi e degli incidenti possibili per i pazienti, la progettazione e l\u2019implementazione di sistemi operativi e processi che minimizzano la probabilit\u00e0 di errore, i rischi<br \/>\npotenziali e i conseguenti possibili danni ai pazienti\u201d.<\/p>\n<p>Inoltre la WHO \u2013 World Health Organization \u2013 nella Dichiarazione di Shanghai, 2016, ha affermato: \u201cLa Salute si sviluppa nei contesti della vita quotidiana, nei quartieri e nelle comunit\u00e0 in cui le persone vivono, lavorano, amano, fanno acquisti e si divertono. La Salute \u00e8 uno dei pi\u00f9 efficaci e potenti indicatori dello sviluppo sostenibile e di successo di ogni citt\u00e0 (e comunit\u00e0), e contribuisce a rendere le citt\u00e0 (e le comunit\u00e0) inclusive, sicure, e resilienti per l\u2019intera popolazione\u201d. La Salute \u00e8 dunque il nostro Bene pi\u00f9 prezioso ed a noi tutti spetta di tutelarla al meglio, prendendo coscienza dell\u2019impatto negativo che le scelte, le abitudini e gli stili di vita scorretti esercitano su di essa. In particolare, la sicurezza sanitaria migliore possibile si conquista mediante l\u2019analisi accurata dello stato di salute del singolo e della collettivit\u00e0, con finalit\u00e0 di prevenzione e trattamento precoce, rimozione o almeno riduzione dei rischi di salute tramite la trasmissione di raccomandazioni e cure appropriate che rispondano a criteri di evidenza clinica e, contestualmente, di sostenibilit\u00e0 ambientale e sociale.<\/p>\n<p>L\u2019identificazione dei fattori di rischio e l\u2019intervento mirato per la loro eliminazione dovrebbe essere il primo obiettivo in un contesto socio sanitario di best practice per la salvaguardia della salute di tutti i cittadini. E\u2019 pertanto opportuno rivolgere adeguata attenzione sia agli aspetti clinico-diagnostici, sia a quelli connessi alla ricerca scientifica, agli studi sociologici, alle scienze ambientali, alla gestione sostenibile delle risorse naturali ed all\u2019utilizzo opportuno delle risorse strutturali e tecnologiche.Il Convegno \u00e8 finalizzato, pertanto, all\u2019acquisizione di competenze interdisciplinari sui fattori di rischio globali di salute in ambito medico-scientifico, sociologico, economico e di sostenibilit\u00e0 globale, con sviluppo di strategie mirate di intervento sanitario e sociale per la rimozione degli stessi fattori.<\/p>\n<h3><b>PROGRAMMA<\/b><\/h3>\n<p>Ore 16:00 \u2013\u00a0<b>Welcome Coffee<\/b><br \/>\nOre 16:30 \u2013\u00a0<b>REGISTRAZIONE PARTECIPANTI<\/b><\/p>\n<p>Ore 17:00 \u2013\u00a0<b>APERTURA LAVORI e INTERVENTI<\/b><br \/>\nModeratore:\u00a0<b>Giornalista<\/b><br \/>\n\u2022 Prolusione \u2013\u00a0<b>Prof.ssa<\/b>\u00a0<b>Stefania Basili\u00a0<\/b>e<b>\u00a0Prof. Fabio Miraldi\u00a0<\/b><br \/>\n\u2022 Rischio cardio-metabolico: ipercolesterolemia, diabete, obesit\u00e0, ipertensione \u2013<b>\u00a0<span class=\"OYPEnA text-decoration-none text-strikethrough-none\">Dott. G. Marazzi<\/span><\/b><br \/>\n\u2022 L\u2019inquinamento atmosferico quale emergente fattore di rischio per le malattie cardiovascolari \u2013<b>\u00a0Prof.<\/b>\u00a0<b>Francesco Pelliccia\u00a0<\/b><br \/>\n\u2022 Patologie oncologiche: fattori di rischio modificabili e non modificabili \u2013\u00a0<b><span class=\"OYPEnA text-decoration-none text-strikethrough-none\">Prof.ssa E. Ferretti<\/span><\/b><\/p>\n<p>Ore 18:20\u00a0<b>TAVOLA ROTONDA:<\/b><br \/>\nModeratore:<b>\u00a0Giornalista<\/b><br \/>\n\u27a2 AIDS tra nord e sud del mondo \u2013\u00a0<b>Prof. Aldo Morrone\u00a0<\/b><br \/>\n\u27a2 Controllo delle dipendenze \u2013\u00a0<b>Dott. Gianluca Bruti<\/b><br \/>\n\u27a2 Lotta all\u2019obesit\u00e0 \u2013<b>\u00a0Dott. Antonio Di Mauro<\/b><br \/>\n\u27a2 L\u2019importanza dell\u2019attivit\u00e0 motoria per il benessere psico-fisico a tutte le et\u00e0 \u2013\u00a0<b>Prof. Marco Massobrio<\/b><br \/>\n\u27a2 Medicina a 360\u00b0: il ruolo dell\u2019OMCEO \u2013\u00a0<b>Dott. Antonio Magi<\/b><br \/>\n\u27a2 Salute e benessere: l\u2019impegno e le iniziative del Rotary \u2013\u00a0<b><span class=\"OYPEnA text-decoration-none text-strikethrough-none\">Dott. Niccol\u00f2 Di Raimondo<\/span><\/b><br \/>\n\u27a2 Salute e benessere: l\u2019impegno e le iniziative della Fondazione Artemisia \u2013\u00a0<b>Dott.ssa Mariastella Giorlandino\u00a0<\/b><br \/>\nOre 20:00 \u2013 CONCLUSIONI \u2013\u00a0<b>Prof. Francesco Pelliccia<\/b><\/p>\n","protected":false},"excerpt":{"rendered":"<p>CLICCA QUI PER ISCRIVERTI Accreditato per: Tutte le professioni sanitarie Con il riconoscimento scientifico di In collaborazione con: RAZIONALE SCIENTIFICO Il Primo Dicembre di ogni anno si celebra la Giornata Mondiale contro l\u2019AIDS. L\u2019idea di una Giornata mondiale contro l\u2019AIDS ha avuto origine al Summit mondiale dei Ministri della Sanit\u00e0 sui programmi per la prevenzione [&hellip;]<\/p>\n","protected":false},"author":3,"featured_media":0,"parent":0,"menu_order":0,"comment_status":"closed","ping_status":"closed","template":"","meta":{"_et_pb_use_builder":"","_et_pb_old_content":"","_et_gb_content_width":""},"_links":{"self":[{"href":"https:\/\/iismas.org\/sito\/wp-json\/wp\/v2\/pages\/3115"}],"collection":[{"href":"https:\/\/iismas.org\/sito\/wp-json\/wp\/v2\/pages"}],"about":[{"href":"https:\/\/iismas.org\/sito\/wp-json\/wp\/v2\/types\/page"}],"author":[{"embeddable":true,"href":"https:\/\/iismas.org\/sito\/wp-json\/wp\/v2\/users\/3"}],"replies":[{"embeddable":true,"href":"https:\/\/iismas.org\/sito\/wp-json\/wp\/v2\/comments?post=3115"}],"version-history":[{"count":3,"href":"https:\/\/iismas.org\/sito\/wp-json\/wp\/v2\/pages\/3115\/revisions"}],"predecessor-version":[{"id":3125,"href":"https:\/\/iismas.org\/sito\/wp-json\/wp\/v2\/pages\/3115\/revisions\/3125"}],"wp:attachment":[{"href":"https:\/\/iismas.org\/sito\/wp-json\/wp\/v2\/media?parent=3115"}],"curies":[{"name":"wp","href":"https:\/\/api.w.org\/{rel}","templated":true}]}}