{"id":3127,"date":"2023-12-11T11:06:00","date_gmt":"2023-12-11T11:06:00","guid":{"rendered":"https:\/\/iismas.org\/sito\/?page_id=3127"},"modified":"2023-12-20T11:50:36","modified_gmt":"2023-12-20T11:50:36","slug":"la-rete-oncologica-del-lazio-e-il-ruolo-delle-professioni","status":"publish","type":"page","link":"https:\/\/iismas.org\/sito\/la-rete-oncologica-del-lazio-e-il-ruolo-delle-professioni\/","title":{"rendered":"LA RETE ONCOLOGICA DEL LAZIO E IL RUOLO DELLE PROFESSIONI"},"content":{"rendered":"<div>\n<h4><img decoding=\"async\" loading=\"lazy\" class=\"alignnone wp-image-3128\" src=\"https:\/\/iismas.org\/sito\/wp-content\/uploads\/2023\/12\/RETE-ONCOLOGICA-IL-RUOLO-DELLE-PROFESSIONI-300x300.png\" alt=\"rete oncologica\" width=\"338\" height=\"338\" \/><\/h4>\n<h4><a href=\"https:\/\/www.dreamcom.it\/iscrizione-convegno-la-rete-oncologica-del-lazio-e-il-ruolo-delle-professioni-21-dicembre\/\">CLICCA QUI PER ISCRIVERTI<\/a><\/h4>\n<p>&nbsp;<\/p>\n<h4>EVENTO IN PRESENZA \u2013 NO ECM<\/h4>\n<section data-id=\"fc3735a\" data-element_type=\"section\">\n<div data-id=\"f45e230\" data-element_type=\"column\">\n<div data-id=\"f70ae7f\" data-element_type=\"widget\" data-widget_type=\"text-editor.default\">\n<h3>21\/12\/23 DALLE 15:00 ALLE 18:00<\/h3>\n<div>\n<div><span class=\"OYPEnA text-decoration-none text-strikethrough-none\">presso Via Rosa Raimondi Garibaldi, 7 00145 Roma &#8211; Sede della Regione Lazio &#8211; Sala Tirreno\u00a0<\/span><\/div>\n<\/div>\n<\/div>\n<\/div>\n<\/section>\n<\/div>\n<div><\/div>\n<div><a href=\"https:\/\/www.dreamcom.it\/wp-content\/uploads\/2023\/08\/Sanit-logo.png\"><img decoding=\"async\" loading=\"lazy\" class=\"alignnone wp-image-99840\" src=\"https:\/\/www.dreamcom.it\/wp-content\/uploads\/2023\/08\/Sanit-logo-300x120.png\" alt=\"sanit logo\" width=\"218\" height=\"87\" \/><\/a><\/div>\n<div><\/div>\n<div>\n<div>Con il patrocinio di:<\/div>\n<div><\/div>\n<div><a href=\"https:\/\/www.dreamcom.it\/wp-content\/uploads\/2023\/07\/logo-Regione-Lazio.png\"><img decoding=\"async\" loading=\"lazy\" class=\"alignnone wp-image-97237\" src=\"https:\/\/www.dreamcom.it\/wp-content\/uploads\/2023\/07\/logo-Regione-Lazio-300x100.png\" sizes=\"(max-width: 210px) 100vw, 210px\" srcset=\"https:\/\/www.dreamcom.it\/wp-content\/uploads\/2023\/07\/logo-Regione-Lazio-300x100.png 300w, https:\/\/www.dreamcom.it\/wp-content\/uploads\/2023\/07\/logo-Regione-Lazio-768x256.png 768w, https:\/\/www.dreamcom.it\/wp-content\/uploads\/2023\/07\/logo-Regione-Lazio-600x200.png 600w, https:\/\/www.dreamcom.it\/wp-content\/uploads\/2023\/07\/logo-Regione-Lazio.png 1024w\" alt=\"\" width=\"210\" height=\"70\" \/><\/a><\/div>\n<div><\/div>\n<\/div>\n<div>Promosso da:<\/div>\n<p><a href=\"https:\/\/www.dreamcom.it\/wp-content\/uploads\/2023\/06\/Logo-iismas-500-%C3%97-300-px.png\"><img decoding=\"async\" loading=\"lazy\" class=\"alignnone size-medium wp-image-95621\" src=\"https:\/\/www.dreamcom.it\/wp-content\/uploads\/2023\/06\/Logo-iismas-500-%C3%97-300-px-300x180.png\" sizes=\"(max-width: 300px) 100vw, 300px\" srcset=\"https:\/\/www.dreamcom.it\/wp-content\/uploads\/2023\/06\/Logo-iismas-500-\u00d7-300-px-300x180.png 300w, https:\/\/www.dreamcom.it\/wp-content\/uploads\/2023\/06\/Logo-iismas-500-\u00d7-300-px.png 500w\" alt=\"logo IISMAS\" width=\"300\" height=\"180\" \/><\/a><\/p>\n<p><a href=\"https:\/\/www.dreamcom.it\/wp-content\/uploads\/2023\/12\/image.png\"><img decoding=\"async\" loading=\"lazy\" class=\"alignnone size-medium wp-image-113033\" src=\"https:\/\/www.dreamcom.it\/wp-content\/uploads\/2023\/12\/image-300x58.png\" sizes=\"(max-width: 300px) 100vw, 300px\" srcset=\"https:\/\/www.dreamcom.it\/wp-content\/uploads\/2023\/12\/image-300x58.png 300w, https:\/\/www.dreamcom.it\/wp-content\/uploads\/2023\/12\/image-768x150.png 768w, https:\/\/www.dreamcom.it\/wp-content\/uploads\/2023\/12\/image-600x117.png 600w, https:\/\/www.dreamcom.it\/wp-content\/uploads\/2023\/12\/image.png 836w\" alt=\"unicamillus\" width=\"300\" height=\"58\" \/><\/a><\/p>\n<h3>RAZIONALE<\/h3>\n<p>Il convegno proposto mira a esplorare e celebrare l\u2019importanza delle diverse professioni e della multidisciplinariet\u00e0 all\u2019interno della rete oncologica, evidenziando come la collaborazione tra professionisti di settori differenti sia fondamentale per offrire una cura completa e personalizzata ai pazienti affetti da patologie oncologiche.<\/p>\n<p>L\u2019oncologia \u00e8 un campo in continua evoluzione, richiedendo un approccio integrato per affrontare le sfide complesse che ogni caso presenta. Diverse figure professionali, come medici, infermieri, radioterapisti, farmacisti, psicologi e professionisti del supporto palliativo, devono unire le proprie competenze per garantire un trattamento olistico e mirato.<\/p>\n<p>La cura oncologica va oltre il trattamento della malattia stessa; \u00e8 cruciale considerare il paziente nella sua interezza, tenendo conto degli aspetti fisici, psicologici, sociali ed emotivi. La collaborazione tra professionisti di diversi settori consente di creare un piano di cura personalizzato che risponde alle specifiche esigenze di ogni individuo. La ricerca oncologica avanza grazie alla sinergia di professionisti provenienti da discipline diverse. La condivisione di conoscenze, esperienze e risultati contribuisce a sviluppare nuove terapie, protocolli di trattamento e approcci innovativi che migliorano l\u2019efficacia delle cure e la qualit\u00e0 della vita dei pazienti.<\/p>\n<p>La creazione di una rete oncologica efficiente \u00e8 fondamentale per assicurare che le informazioni e le competenze circolino in modo fluido tra i vari professionisti e le strutture sanitarie. Un coordinamento efficace garantisce una minore mobilit\u00e0 dei pazienti e tempestivit\u00e0 nelle decisioni terapeutiche, riducendo il tempo di attesa e ottimizzando le risorse disponibili e l\u2019efficacia terapeutica.<\/p>\n<p>La rete oncologica agisce come un sistema integrato in cui professionisti di diverse specialit\u00e0, strutture sanitarie e organizzazioni lavorano insieme per garantire un coordinamento senza soluzione di continuit\u00e0 nelle fasi di diagnosi, trattamento e follow-up.<\/p>\n<p>Attraverso una rete ben sviluppata, si crea un accesso universale alle risorse diagnostiche, terapeutiche e di supporto. I pazienti beneficiano cos\u00ec di una vasta gamma di competenze, attrezzature e trattamenti disponibili in diverse strutture, garantendo loro la migliore possibilit\u00e0 di successo nella lotta contro la malattia.<\/p>\n<p>Solo attraverso una connettivit\u00e0 solida e una collaborazione efficace tra professionisti e strutture sar\u00e0 possibile affrontare le sfide complesse della malattia oncologica, garantendo ai pazienti il pi\u00f9 alto standard di cura possibile.<\/p>\n<h3>PROGRAMMA<\/h3>\n<p>Con il contributo incondizionato di:<\/p>\n<p><a href=\"https:\/\/www.dreamcom.it\/wp-content\/uploads\/2021\/12\/Daiichi_Sankyo.jpg\"><img decoding=\"async\" loading=\"lazy\" class=\"alignnone wp-image-41637\" src=\"https:\/\/www.dreamcom.it\/wp-content\/uploads\/2021\/12\/Daiichi_Sankyo-300x285.jpg\" sizes=\"(max-width: 148px) 100vw, 148px\" srcset=\"https:\/\/www.dreamcom.it\/wp-content\/uploads\/2021\/12\/Daiichi_Sankyo-300x285.jpg 300w, https:\/\/www.dreamcom.it\/wp-content\/uploads\/2021\/12\/Daiichi_Sankyo.jpg 535w\" alt=\"DAIICHI SANKYO LOGO\" width=\"148\" height=\"140\" \/><\/a><\/p>\n<ul>\n<li><b>ALDO MORRONE<\/b>\u00a0\u2013\u00a0<i>Direttore Scientifico IISMAS \u2013 Istituto Internazionale Scienze Mediche, Antropologiche e Sociali; gi\u00e0 Direttore Scientifico dell\u2019IRCCS IFO San Gallicano.\u00a0<span class=\"OYPEnA text-decoration-none text-strikethrough-none\">Professore Universit\u00e0 UniCamillus<\/span><\/i><\/li>\n<li><b><span class=\"OYPEnA text-decoration-none text-strikethrough-none\">ANTONIO CRISTAUDO \u2013\u00a0\u00a0<\/span><\/b><span class=\"OYPEnA text-decoration-none text-strikethrough-none\">Gi\u00e0 Direttore Dipartimento Dermatologia Clinica IRCCS IFO Istituto San Gallicano<\/span><\/li>\n<\/ul>\n<p>&nbsp;<\/p>\n<ul>\n<li><b><span class=\"OYPEnA text-decoration-none text-strikethrough-none\">CARLO GARUFI<\/span><\/b><span class=\"OYPEnA text-decoration-none text-strikethrough-none\">\u00a0Direttore UOC di Oncologia, Azienda Ospedaliera San Camillo Forlanini<\/span><\/li>\n<li><b><span class=\"OYPEnA text-decoration-none text-strikethrough-none\">CLAUDIO PISANELLI<\/span><\/b><span class=\"OYPEnA text-decoration-none text-strikethrough-none\">\u00a0Referente Nazionale SIFO<\/span><\/li>\n<li><b><span class=\"OYPEnA text-decoration-none text-strikethrough-none\">CLAUDIO O. BUONOMO<\/span><\/b>\u00a0<span class=\"OYPEnA text-decoration-none text-strikethrough-none\">Responsabile UOS di Chirurgia Senologica, Pol. \u201cTor Vergata\u201d<\/span><\/li>\n<li><b><span class=\"OYPEnA text-decoration-none text-strikethrough-none\">EMILIA MIGLIANO<\/span><\/b><span class=\"OYPEnA text-decoration-none text-strikethrough-none\">\u00a0Responsabile UOSD Chirurgia Plastica ad indirizzo Dermatologico e Rigenerativo, IRCCS IFO San Gallicano<\/span><\/li>\n<li><b><span class=\"OYPEnA text-decoration-none text-strikethrough-none\">EMILIO BRIA<\/span><\/b>\u00a0<span class=\"OYPEnA text-decoration-none text-strikethrough-none\">Coordinatore AIOM Lazio (Associazione Italiana di Oncologia Medica)<\/span><\/li>\n<li><b><span class=\"OYPEnA text-decoration-none text-strikethrough-none\">ENRICO VIZZA<\/span><\/b><span class=\"OYPEnA text-decoration-none text-strikethrough-none\">\u00a0Direttore Dipartimento Clinica e Ricerca Oncologica, IRCCS Istituto Nazionale Tumori Regina Elena<\/span><\/li>\n<li><b><span class=\"OYPEnA text-decoration-none text-strikethrough-none\">ERMETE GALLO<\/span><\/b>\u00a0<span class=\"OYPEnA text-decoration-none text-strikethrough-none\">Direttore Sanitario Aziendale IRCCS \u201cIstituti Fisioterapici Ospitalieri\u201d<\/span><\/li>\n<li><span class=\"OYPEnA text-decoration-none text-strikethrough-none\"><b>FABIO CALABR\u00d2<\/b>\u00a0<\/span><span class=\"OYPEnA text-decoration-none text-strikethrough-none\">Direttore Oncologia Medica, IRCCS Istituto Nazionale Tumori Regina Elena<\/span><\/li>\n<li><b><span class=\"OYPEnA text-decoration-none text-strikethrough-none\">FEDERICO CAPPUZZO<\/span><\/b><span class=\"OYPEnA text-decoration-none text-strikethrough-none\">\u00a0Direttore Oncologia Medica 2, IRCCS Istituto Nazionale Tumori Regina Elena<\/span><\/li>\n<li><b><span class=\"OYPEnA text-decoration-none text-strikethrough-none\">FRANCESCO FACCIOLO<\/span><\/b><span class=\"OYPEnA text-decoration-none text-strikethrough-none\">\u00a0Direttore Divisione di Chirurgia Toracica, IRCCS Istituto Nazionale Tumori Regina Elena<\/span><\/li>\n<li><span class=\"OYPEnA text-decoration-none text-strikethrough-none\"><b>FRANCESCO S. MENNINI<\/b>\u00a0<\/span><span class=\"OYPEnA text-decoration-none text-strikethrough-none\">Docente di Economia Politica ed Economia Sanitaria, Universit\u00e0 degli studi di Roma Tor Vergata<\/span><\/li>\n<li><b><span class=\"OYPEnA text-decoration-none text-strikethrough-none\">GIOVANNI BLANDINO<\/span><\/b><span class=\"OYPEnA text-decoration-none text-strikethrough-none\">\u00a0Direttore UOSD Oncogenomica ed Epigenetica, IRCCS Istituto Nazionale Tumori Regina Elena<\/span><\/li>\n<li><span class=\"OYPEnA text-decoration-none text-strikethrough-none\"><b>MASSIMO ZEULI<\/b>\u00a0<\/span><span class=\"OYPEnA text-decoration-none text-strikethrough-none\">Clinical Trials Center \u2013 Istituti Fisioterapici Ospitalieri<\/span><\/li>\n<li><span class=\"OYPEnA text-decoration-none text-strikethrough-none\"><b>PAOLO MARCHETTI<\/b>\u00a0<\/span><span class=\"OYPEnA text-decoration-none text-strikethrough-none\">Presidente FMP (Fondazione per la Medicina Personalizzata)<\/span><\/li>\n<li><b><span class=\"OYPEnA text-decoration-none text-strikethrough-none\">ROBERTA DI TURI<\/span><\/b><span class=\"OYPEnA text-decoration-none text-strikethrough-none\">\u00a0Farmacista Dirigente Asl Roma 3<\/span><\/li>\n<li><b><span class=\"OYPEnA text-decoration-none text-strikethrough-none\">ROBERTO BIAGINI<\/span><\/b><span class=\"OYPEnA text-decoration-none text-strikethrough-none\">\u00a0Direttore UOC Ortopedia Oncologica, IRCCS Istituto Nazionale Tumori Regina Elena<\/span><\/li>\n<li><b><span class=\"OYPEnA text-decoration-none text-strikethrough-none\">VITTORIO DONATO\u00a0<\/span><\/b><span class=\"OYPEnA text-decoration-none text-strikethrough-none\">Direttore Scientifico Gruppo INI, gi\u00e0 Direttore Radioterapia Ospedale San Camillo Forlanini<\/span><\/li>\n<li><b><span class=\"OYPEnA text-decoration-none text-strikethrough-none\">WALTER MARROCCO*\u00a0<\/span><\/b><span class=\"OYPEnA text-decoration-none text-strikethrough-none\">Responsabile Scientifico FIMMG (Federazione Italiana Medici di Medicina Generale)<\/span><\/li>\n<li><b><span class=\"OYPEnA text-decoration-none text-strikethrough-none\">MARIA LUISA APPETECCHIA<\/span><\/b><span class=\"OYPEnA text-decoration-none text-strikethrough-none\">\u00a0Direttrice di Struttura UO Endocrinologia Oncologica IRCCS Istituto Nazionale Tumori Regina Elena<\/span><\/li>\n<li><b><span class=\"OYPEnA text-decoration-none text-strikethrough-none\">ANDREA MENGARELLI<\/span><\/b><span class=\"OYPEnA text-decoration-none text-strikethrough-none\">\u00a0Responsabile UOSD Ematologia, IRCCS Istituto Nazionale Tumori Regina Elena<\/span><\/li>\n<li><b><span class=\"OYPEnA text-decoration-none text-strikethrough-none\">MAURO CATERINO<\/span><\/b><span class=\"OYPEnA text-decoration-none text-strikethrough-none\">\u00a0Responsabile UO Radiologia, IRCCS IFO San Gallicano<\/span><\/li>\n<li><b><span class=\"OYPEnA text-decoration-none text-strikethrough-none\">GIUSEPPE NAVANTERI\u00a0<\/span><\/b><span class=\"OYPEnA text-decoration-none text-strikethrough-none\">Responsabile Ingegneria clinica e tecnologie e sistemi informatici IRCCS Istituto Nazionale Tumori Regina Elena<\/span><\/li>\n<li><b>LAURA IACOROSSI<\/b> Nursing Research Unit IFO, IRCCS \u201cRegina Elena\u201d National Cancer Institute, Rome, Italy<\/li>\n<\/ul>\n<p>____________________________________________________________________________________________________________________________________________________________________________________________<\/p>\n<p>Con il contributo incondizionato di:<\/p>\n<p><a href=\"https:\/\/www.dreamcom.it\/wp-content\/uploads\/2022\/12\/logo-roche.png\"><img decoding=\"async\" loading=\"lazy\" class=\"alignnone wp-image-77953\" src=\"https:\/\/www.dreamcom.it\/wp-content\/uploads\/2022\/12\/logo-roche-300x156.png\" sizes=\"(max-width: 169px) 100vw, 169px\" srcset=\"https:\/\/www.dreamcom.it\/wp-content\/uploads\/2022\/12\/logo-roche-300x156.png 300w, https:\/\/www.dreamcom.it\/wp-content\/uploads\/2022\/12\/logo-roche-600x312.png 600w, https:\/\/www.dreamcom.it\/wp-content\/uploads\/2022\/12\/logo-roche-1024x532.png 1024w, https:\/\/www.dreamcom.it\/wp-content\/uploads\/2022\/12\/logo-roche-768x399.png 768w, https:\/\/www.dreamcom.it\/wp-content\/uploads\/2022\/12\/logo-roche-1536x799.png 1536w, https:\/\/www.dreamcom.it\/wp-content\/uploads\/2022\/12\/logo-roche-2048x1065.png 2048w\" alt=\"\" width=\"169\" height=\"88\" \/><\/a><\/p>\n<p><b>TAVOLA ROTONDA:<\/b><\/p>\n<p class=\"cvGsUA direction-ltr align-start para-style-body\"><span class=\"OYPEnA text-decoration-none text-strikethrough-none\">Moderano:\u00a0<\/span><b><span class=\"OYPEnA text-decoration-none text-strikethrough-none\">ALDO MORRONE, ANTONIO CRISTAUDO<\/span><\/b><\/p>\n<p class=\"cvGsUA direction-ltr align-start para-style-body\"><b><span class=\"OYPEnA text-decoration-none text-strikethrough-none\">Intervengono:<\/span><\/b><\/p>\n<p class=\"cvGsUA direction-ltr align-start para-style-body\"><b><span class=\"OYPEnA text-decoration-none text-strikethrough-none\">CLAUDIO PISANELLI, EMILIO BRIA,<\/span>\u00a0<span class=\"OYPEnA text-decoration-none text-strikethrough-none\">MONICA FORCHETTA, VALENTINA LIBERATORE, WALTER MARROCCO*, RAPPRESENTANTI DELLE ASSOCIAZIONI DEI PAZIENTI<\/span><\/b><\/p>\n<p><b>SEGUE RINFRESCO NATALIZIO E AUGURI DI NATALE<\/b><\/p>\n<p>&nbsp;<\/p>\n","protected":false},"excerpt":{"rendered":"<p>CLICCA QUI PER ISCRIVERTI &nbsp; EVENTO IN PRESENZA \u2013 NO ECM 21\/12\/23 DALLE 15:00 ALLE 18:00 presso Via Rosa Raimondi Garibaldi, 7 00145 Roma &#8211; Sede della Regione Lazio &#8211; Sala Tirreno\u00a0 Con il patrocinio di: Promosso da: RAZIONALE Il convegno proposto mira a esplorare e celebrare l\u2019importanza delle diverse professioni e della multidisciplinariet\u00e0 all\u2019interno [&hellip;]<\/p>\n","protected":false},"author":3,"featured_media":0,"parent":0,"menu_order":0,"comment_status":"closed","ping_status":"closed","template":"","meta":{"_et_pb_use_builder":"","_et_pb_old_content":"","_et_gb_content_width":""},"_links":{"self":[{"href":"https:\/\/iismas.org\/sito\/wp-json\/wp\/v2\/pages\/3127"}],"collection":[{"href":"https:\/\/iismas.org\/sito\/wp-json\/wp\/v2\/pages"}],"about":[{"href":"https:\/\/iismas.org\/sito\/wp-json\/wp\/v2\/types\/page"}],"author":[{"embeddable":true,"href":"https:\/\/iismas.org\/sito\/wp-json\/wp\/v2\/users\/3"}],"replies":[{"embeddable":true,"href":"https:\/\/iismas.org\/sito\/wp-json\/wp\/v2\/comments?post=3127"}],"version-history":[{"count":12,"href":"https:\/\/iismas.org\/sito\/wp-json\/wp\/v2\/pages\/3127\/revisions"}],"predecessor-version":[{"id":3148,"href":"https:\/\/iismas.org\/sito\/wp-json\/wp\/v2\/pages\/3127\/revisions\/3148"}],"wp:attachment":[{"href":"https:\/\/iismas.org\/sito\/wp-json\/wp\/v2\/media?parent=3127"}],"curies":[{"name":"wp","href":"https:\/\/api.w.org\/{rel}","templated":true}]}}